{"id":18536,"date":"2021-06-24T17:28:52","date_gmt":"2021-06-24T14:28:52","guid":{"rendered":"https:\/\/www.tuncaykurtmakina.com\/?post_type=product&#038;p=18536"},"modified":"2021-06-24T17:33:39","modified_gmt":"2021-06-24T14:33:39","slug":"wolf-lupus-160","status":"publish","type":"product","link":"https:\/\/www.tuncaykurtmakina.com\/index.php\/urun\/wolf-lupus-160\/","title":{"rendered":"WOLF LUPUS-160"},"content":{"rendered":"","protected":false},"excerpt":{"rendered":"<p>WOLF MAK\u0130NA WM160 MODEL\u0130 TEKN\u0130K\u00d6ZELL\u0130KLER<br \/>\n-BA\u015e Son Kesmeli<br \/>\n-Alt \u00dcst Frezeli<br \/>\n-Rad\u00fcs Kaz\u0131mal\u0131<br \/>\n-Polisajl\u0131<br \/>\n-Kendisinden Toz Emmeli<br \/>\n-KOMPLE FIRIN BOYALIDIR<br \/>\nNOT<\/p>\n<p>-Makinemizde bulunan STAR STOP \u00d6zelli\u011fi ile WM160 Modelimize par\u00e7a verildi\u011fi andan itibaren Otomatik Olarak \u00e7al\u0131\u015f\u0131p par\u00e7a \u00e7\u0131kt\u0131\u011f\u0131 andan itibaren de Otomatik olarak durma \u00f6zelli\u011fine sahiptir<br \/>\n-Elektirik panomuz genel olarak<br \/>\nSCHN\u0130DER VE S\u0130EMENS \u00fcr\u00fcnleriyle d\u00f6\u015fenmi\u015ftir<br \/>\n&#8211; WM160 modelimizde bulunan t\u00fcm kablolar\u0131m\u0131z rekorlardan ve kablo k\u0131l\u0131flar\u0131ndan ge\u00e7mektedir bu sayede \u015fase ve benzeri elektirik ar\u0131zalar\u0131 ortadan kalkm\u0131\u015f bulunmaktad\u0131r<br \/>\n-Tutkal Merdane Milimiz direkt olarak motora ba\u011fl\u0131 olarak \u00e7al\u0131\u015fmaktad\u0131r<br \/>\n-Makinemiz A&#8217;dan Z&#8217;ye Komple Lazer Kesim Olup par\u00e7alar birbirine ge\u00e7mektedir bu sayede kaynak ve ta\u015flama gibi d\u0131\u015f hatlar\u0131 etkileyen g\u00f6r\u00fcnt\u00fc bozukluklar\u0131 ortadan kalkm\u0131\u015f bulunmaktad\u0131r<br \/>\n-Freze gruplar\u0131m\u0131z \u00c7anak izleyicidir<br \/>\nAYAKTAN BA\u011eLI MODELD\u0130R<br \/>\n\u0130LET\u0130\u015e\u0130M<br \/>\n0546 867 7006 \u00c7A\u011eATAY ENES KURT<br \/>\n0506 397 8088 TUNCAY KURT<\/p>\n<p><img loading=\"lazy\" class=\"aligncenter size-medium wp-image-18540\" src=\"https:\/\/www.tuncaykurtmakina.com\/wp-content\/uploads\/2021\/06\/WhatsApp-Image-2021-06-24-at-15.39.10-3-225x300.jpeg\" alt=\"\" width=\"225\" height=\"300\" \/><\/p>\n","protected":false},"featured_media":18542,"template":"","meta":[],"_links":{"self":[{"href":"https:\/\/www.tuncaykurtmakina.com\/index.php\/wp-json\/wp\/v2\/product\/18536"}],"collection":[{"href":"https:\/\/www.tuncaykurtmakina.com\/index.php\/wp-json\/wp\/v2\/product"}],"about":[{"href":"https:\/\/www.tuncaykurtmakina.com\/index.php\/wp-json\/wp\/v2\/types\/product"}],"wp:featuredmedia":[{"embeddable":true,"href":"https:\/\/www.tuncaykurtmakina.com\/index.php\/wp-json\/wp\/v2\/media\/18542"}],"wp:attachment":[{"href":"https:\/\/www.tuncaykurtmakina.com\/index.php\/wp-json\/wp\/v2\/media?parent=18536"}],"curies":[{"name":"wp","href":"https:\/\/api.w.org\/{rel}","templated":true}]}}