{"id":18361,"date":"2020-09-17T09:40:40","date_gmt":"2020-09-17T06:40:40","guid":{"rendered":"https:\/\/alfadestek.com\/tuncay\/?post_type=product&#038;p=18361"},"modified":"2020-09-17T09:40:41","modified_gmt":"2020-09-17T06:40:41","slug":"cagin-4-tekerli-robot","status":"publish","type":"product","link":"https:\/\/www.tuncaykurtmakina.com\/index.php\/urun\/cagin-4-tekerli-robot\/","title":{"rendered":"\u00c7a\u011f\u0131n 4 Tekerli Robot"},"content":{"rendered":"","protected":false},"excerpt":{"rendered":"","protected":false},"featured_media":18362,"template":"","meta":[],"_links":{"self":[{"href":"https:\/\/www.tuncaykurtmakina.com\/index.php\/wp-json\/wp\/v2\/product\/18361"}],"collection":[{"href":"https:\/\/www.tuncaykurtmakina.com\/index.php\/wp-json\/wp\/v2\/product"}],"about":[{"href":"https:\/\/www.tuncaykurtmakina.com\/index.php\/wp-json\/wp\/v2\/types\/product"}],"wp:featuredmedia":[{"embeddable":true,"href":"https:\/\/www.tuncaykurtmakina.com\/index.php\/wp-json\/wp\/v2\/media\/18362"}],"wp:attachment":[{"href":"https:\/\/www.tuncaykurtmakina.com\/index.php\/wp-json\/wp\/v2\/media?parent=18361"}],"curies":[{"name":"wp","href":"https:\/\/api.w.org\/{rel}","templated":true}]}}