{"id":18157,"date":"2020-09-10T11:33:37","date_gmt":"2020-09-10T08:33:37","guid":{"rendered":"https:\/\/alfadestek.com\/tuncay\/?post_type=product&#038;p=18157"},"modified":"2020-09-10T11:33:38","modified_gmt":"2020-09-10T08:33:38","slug":"portatif_gonye_kesme_makinasi_400_mm_0_1","status":"publish","type":"product","link":"https:\/\/www.tuncaykurtmakina.com\/index.php\/urun\/portatif_gonye_kesme_makinasi_400_mm_0_1\/","title":{"rendered":"Portatif_Gonye_Kesme_Makinasi_400_mm_0_1"},"content":{"rendered":"","protected":false},"excerpt":{"rendered":"<p>\u00dcretti\u011fimiz \u00dcr\u00fcnler<br \/>\n\u00dcr\u00fcn Kodu: Portatif G\u00f6nye Kesme Makinas\u0131 (400 mm)<br \/>\nA\u011fa\u00e7, plastik malzeme (PVC) veya hafif ala\u015f\u0131mlar (al\u00fcminyum profil) kesme i\u015flemleri i\u00e7in tasarlanm\u0131\u015f ve imal edilmi\u015ftir.<br \/>\nBlok halindeki kare veya dikd\u00f6rtgen kesitli kesiminde, al\u00fcminyum veya plastik kap\u0131 veya pencere profillerinin belirli derecelerle kesiminde kullan\u0131l\u0131r.<\/p>\n<p>\u00d6ZELL\u0130KLER<\/p>\n<p>400 mm daire testere ile kesim<br \/>\n30-32 mm testere adapt\u00f6r burcu<br \/>\nBilyal\u0131 ve \u00e7atal yataklama sistemi<br \/>\nAyarl\u0131 mengene sistemi<br \/>\nSa\u011fa-Sola 15 &#8211; 22,5 &#8211; 30 &#8211; 45 &#8211; 90\u00b0 kesim yapma imkan\u0131<br \/>\nKilitleyerek y\u00fcksek kesim hassasiyetinde s\u00fcreklilik<br \/>\nStandart Ekipmanlar<br \/>\n2 adet alyan anahtar<br \/>\nOpsiyonel Ekipmanlar<br \/>\n400 mm Testere<br \/>\n\u0130kinci mengene<\/p>\n","protected":false},"featured_media":18158,"template":"","meta":[],"_links":{"self":[{"href":"https:\/\/www.tuncaykurtmakina.com\/index.php\/wp-json\/wp\/v2\/product\/18157"}],"collection":[{"href":"https:\/\/www.tuncaykurtmakina.com\/index.php\/wp-json\/wp\/v2\/product"}],"about":[{"href":"https:\/\/www.tuncaykurtmakina.com\/index.php\/wp-json\/wp\/v2\/types\/product"}],"wp:featuredmedia":[{"embeddable":true,"href":"https:\/\/www.tuncaykurtmakina.com\/index.php\/wp-json\/wp\/v2\/media\/18158"}],"wp:attachment":[{"href":"https:\/\/www.tuncaykurtmakina.com\/index.php\/wp-json\/wp\/v2\/media?parent=18157"}],"curies":[{"name":"wp","href":"https:\/\/api.w.org\/{rel}","templated":true}]}}