{"id":18145,"date":"2020-09-10T11:30:17","date_gmt":"2020-09-10T08:30:17","guid":{"rendered":"https:\/\/alfadestek.com\/tuncay\/?post_type=product&#038;p=18145"},"modified":"2020-09-10T11:30:17","modified_gmt":"2020-09-10T08:30:17","slug":"crater-m-450-manual-upcut-saw-o-450-mm-1","status":"publish","type":"product","link":"https:\/\/www.tuncaykurtmakina.com\/index.php\/urun\/crater-m-450-manual-upcut-saw-o-450-mm-1\/","title":{"rendered":"Crater-M-450-Manual-Upcut-Saw-\u00d8-450-mm-1"},"content":{"rendered":"","protected":false},"excerpt":{"rendered":"<p>Motor G\u00fcc\u00fc: 2.2 kW,3HP, 230V-400V<br \/>\nTestere Ebatlar\u0131: D=450 mm,d=30-32 mm<br \/>\nTestere H\u0131z\u0131: 3000 r.p.m.<br \/>\nEbatlar: 90x85x128 cm<br \/>\nA\u011f\u0131rl\u0131k: 130 kg<\/p>\n","protected":false},"featured_media":18146,"template":"","meta":[],"_links":{"self":[{"href":"https:\/\/www.tuncaykurtmakina.com\/index.php\/wp-json\/wp\/v2\/product\/18145"}],"collection":[{"href":"https:\/\/www.tuncaykurtmakina.com\/index.php\/wp-json\/wp\/v2\/product"}],"about":[{"href":"https:\/\/www.tuncaykurtmakina.com\/index.php\/wp-json\/wp\/v2\/types\/product"}],"wp:featuredmedia":[{"embeddable":true,"href":"https:\/\/www.tuncaykurtmakina.com\/index.php\/wp-json\/wp\/v2\/media\/18146"}],"wp:attachment":[{"href":"https:\/\/www.tuncaykurtmakina.com\/index.php\/wp-json\/wp\/v2\/media?parent=18145"}],"curies":[{"name":"wp","href":"https:\/\/api.w.org\/{rel}","templated":true}]}}