{"id":18114,"date":"2020-09-10T11:19:40","date_gmt":"2020-09-10T08:19:40","guid":{"rendered":"https:\/\/alfadestek.com\/tuncay\/?post_type=product&#038;p=18114"},"modified":"2020-09-10T11:19:48","modified_gmt":"2020-09-10T08:19:48","slug":"cyd-3800","status":"publish","type":"product","link":"https:\/\/www.tuncaykurtmakina.com\/index.php\/urun\/cyd-3800\/","title":{"rendered":"CYD 3800"},"content":{"rendered":"","protected":false},"excerpt":{"rendered":"<p>Teknik \u00d6zellikler<\/p>\n<p>Max.Testere D\u0131\u015f ve \u0130\u00e7 \u00c7ap\u0131<br \/>\n0 300 x 30 mm<br \/>\nMax. Kesme Derinli\u011fi (90\u00b0)<br \/>\n0 300 \u2013 80<br \/>\nMax. Kesme Derinli\u011fi (45\u00b0)<br \/>\n60 mm<br \/>\nMax. Kesme Derinli\u011fi (45\u00b0)<br \/>\n60 mm<br \/>\nMax. Kesme Geni\u015fli\u011fi<br \/>\n1300 mm<br \/>\nTestere Devri<br \/>\n3700+ 5100 d\/dak.<br \/>\nTestere Motor G\u00fcc\u00fc<br \/>\n4 HP<br \/>\nTabla \u00d6l\u00e7\u00fcs\u00fc<br \/>\n660 x 940 mm<br \/>\nTabla \u0130lave Sac \u00d6l\u00e7\u00fcs\u00fc<br \/>\n680 x 940 mm<br \/>\nTabla \u00dczeri Siper \u00d6l\u00e7\u00fcs\u00fc<br \/>\n1050 x1300 mm<br \/>\nGezer K\u0131zak \u00d6l\u00e7\u00fcs\u00fc<br \/>\n380 mm<br \/>\nGezer K\u0131zak Hareketi<br \/>\n3800 mm<br \/>\nGezer K\u0131zak Siper \u00d6l\u00e7\u00fcs\u00fc<br \/>\n500 x 60 mm<br \/>\nGezer K\u0131zak Siper A\u00e7\u0131s\u0131<br \/>\n0 \u2013 45\u00b0 sa\u011fa-sola<br \/>\nAraba Ebad\u0131<br \/>\n660\u00d71300 mm<br \/>\nAraba Ust\u00fc Siper \u00d6l\u00e7\u00fcs\u00fc<br \/>\n1900\u00d760<br \/>\nAraba Ust\u00fc Siper A\u00e7\u0131s\u0131<br \/>\n0 \u2013 45\u00b0 sa\u011fa-sola<br \/>\nToz Emme Ba\u011flant\u0131s\u0131<br \/>\n120 mm<br \/>\n\u00c7izicili Testere D\u0131\u015f ve \u0130\u00e7 \u00c7ap\u0131<br \/>\n0-125 x 0 20 mm<br \/>\n\u00c7izicili Testere Devri<br \/>\n7250 d\/dak.<br \/>\nNet A\u011f\u0131rl\u0131\u011f\u0131<br \/>\n750 kg.<br \/>\n\u00c7izicili Testere Motor G\u00fcc\u00fc<br \/>\n0.75 HP<\/p>\n","protected":false},"featured_media":18115,"template":"","meta":[],"_links":{"self":[{"href":"https:\/\/www.tuncaykurtmakina.com\/index.php\/wp-json\/wp\/v2\/product\/18114"}],"collection":[{"href":"https:\/\/www.tuncaykurtmakina.com\/index.php\/wp-json\/wp\/v2\/product"}],"about":[{"href":"https:\/\/www.tuncaykurtmakina.com\/index.php\/wp-json\/wp\/v2\/types\/product"}],"wp:featuredmedia":[{"embeddable":true,"href":"https:\/\/www.tuncaykurtmakina.com\/index.php\/wp-json\/wp\/v2\/media\/18115"}],"wp:attachment":[{"href":"https:\/\/www.tuncaykurtmakina.com\/index.php\/wp-json\/wp\/v2\/media?parent=18114"}],"curies":[{"name":"wp","href":"https:\/\/api.w.org\/{rel}","templated":true}]}}