{"id":17909,"date":"2020-09-10T09:22:48","date_gmt":"2020-09-10T06:22:48","guid":{"rendered":"https:\/\/alfadestek.com\/tuncay\/?page_id=17909"},"modified":"2020-09-10T09:22:48","modified_gmt":"2020-09-10T06:22:48","slug":"iletisim","status":"publish","type":"page","link":"https:\/\/www.tuncaykurtmakina.com\/index.php\/iletisim\/","title":{"rendered":"\u0130LET\u0130\u015e\u0130M"},"content":{"rendered":"[vc_row][vc_column width=&#8221;1\/2&#8243;][vc_column_text]ADRES:<br \/>\nEre\u011fli Cad.No:18 Siteler-ANKARA<br \/>\ne-mail: info@tuncaykurtmakina.com<br \/>\nTelefon: +90\u00a0 312 348 53 24<br \/>\nTel &#8211; Fax: +90 312 348 53 24<br \/>\nGsm 1: +90 506 397 80 88<br \/>\nGsm 2: +90 535 886 19 03<br \/>\nTeknik Servis :+90 535 886 19 03<\/p>\n<p>\u00c7al\u0131\u015fma Saatleri:[\/vc_column_text][\/vc_column][vc_column width=&#8221;1\/2&#8243;][vc_column_text]\u00c7al\u0131\u015fma Saatleri:<br \/>\nPazartesi \u2013 Cuma: 08.30 \u2013 18.30<br \/>\nCumartesi : 09.30 \u2013 13.30<br \/>\nResmi g\u00fcnler ve Pazar g\u00fcnler kapal\u0131y\u0131z[\/vc_column_text][\/vc_column][\/vc_row][vc_row][vc_column][vc_gmaps link=&#8221;#E-8_JTNDaWZyYW1lJTIwc3JjJTNEJTIyaHR0cHMlM0ElMkYlMkZ3d3cuZ29vZ2xlLmNvbSUyRm1hcHMlMkZlbWJlZCUzRnBiJTNEJTIxMW0xOCUyMTFtMTIlMjExbTMlMjExZDEyMjMyLjc1NjgxMTU1NjU5NCUyMTJkMzIuODk5NDM0Mzg2MDUzMzYlMjEzZDM5Ljk1OTUyMjM1NDQxMTA2NCUyMTJtMyUyMTFmMCUyMTJmMCUyMTNmMCUyMTNtMiUyMTFpMTAyNCUyMTJpNzY4JTIxNGYxMy4xJTIxM20zJTIxMW0yJTIxMXMweDE0ZDM1MjBjNWI3YTM3OTMlMjUzQTB4ZmEzZWUyZTVkMDgyYTU3OCUyMTJ6dzVadVpHVnlMQ0JGY21YRW4yeHBJRU5rTGlCT2J6b3hPQ3dnTURZeE5qVWdRV3gweExGdVpHSEVueTlCYm10aGNtRSUyMTVlMCUyMTNtMiUyMTFzdHIlMjEyc3RyJTIxNHYxNTk2NDQ1MjYwODc3JTIxNW0yJTIxMXN0ciUyMTJzdHIlMjIlMjB3aWR0aCUzRCUyMjEwMCUyNSUyMiUyMGhlaWdodCUzRCUyMjQ1MCUyMiUyMGZyYW1lYm9yZGVyJTNEJTIyMCUyMiUyMHN0eWxlJTNEJTIyYm9yZGVyJTNBMCUzQiUyMiUyMGFsbG93ZnVsbHNjcmVlbiUzRCUyMiUyMiUyMGFyaWEtaGlkZGVuJTNEJTIyZmFsc2UlMjIlMjB0YWJpbmRleCUzRCUyMjAlMjIlM0UlM0MlMkZpZnJhbWUlM0U=&#8221;][\/vc_column][\/vc_row]\n","protected":false},"excerpt":{"rendered":"<p>[vc_row][vc_column width=&#8221;1\/2&#8243;][vc_column_text]ADRES: Ere\u011fli Cad.No:18 Siteler-ANKARA e-mail: info@tuncaykurtmakina.com Telefon: +90\u00a0 312 348 53 24 Tel &#8211; Fax: +90 312 348 53 24 Gsm 1: +90 506 397 80 88 Gsm 2: +90 535 886 19 03 Teknik Servis :+90 535 886 19 03 \u00c7al\u0131\u015fma Saatleri:[\/vc_column_text][\/vc_column][vc_column width=&#8221;1\/2&#8243;][vc_column_text]\u00c7al\u0131\u015fma Saatleri: Pazartesi \u2013 Cuma: 08.30 \u2013 18.30 Cumartesi : 09.30 [&hellip;]<\/p>\n","protected":false},"author":1,"featured_media":0,"parent":0,"menu_order":0,"comment_status":"closed","ping_status":"closed","template":"","meta":[],"_links":{"self":[{"href":"https:\/\/www.tuncaykurtmakina.com\/index.php\/wp-json\/wp\/v2\/pages\/17909"}],"collection":[{"href":"https:\/\/www.tuncaykurtmakina.com\/index.php\/wp-json\/wp\/v2\/pages"}],"about":[{"href":"https:\/\/www.tuncaykurtmakina.com\/index.php\/wp-json\/wp\/v2\/types\/page"}],"author":[{"embeddable":true,"href":"https:\/\/www.tuncaykurtmakina.com\/index.php\/wp-json\/wp\/v2\/users\/1"}],"replies":[{"embeddable":true,"href":"https:\/\/www.tuncaykurtmakina.com\/index.php\/wp-json\/wp\/v2\/comments?post=17909"}],"version-history":[{"count":2,"href":"https:\/\/www.tuncaykurtmakina.com\/index.php\/wp-json\/wp\/v2\/pages\/17909\/revisions"}],"predecessor-version":[{"id":17911,"href":"https:\/\/www.tuncaykurtmakina.com\/index.php\/wp-json\/wp\/v2\/pages\/17909\/revisions\/17911"}],"wp:attachment":[{"href":"https:\/\/www.tuncaykurtmakina.com\/index.php\/wp-json\/wp\/v2\/media?parent=17909"}],"curies":[{"name":"wp","href":"https:\/\/api.w.org\/{rel}","templated":true}]}}